{"id":26993,"date":"2016-04-04T12:13:42","date_gmt":"2016-04-04T10:13:42","guid":{"rendered":"https:\/\/staging.phdmedia.com_\/spain\/phd-media-agence-media\/"},"modified":"2023-12-18T15:38:35","modified_gmt":"2023-12-18T14:38:35","slug":"phd-media-agence-media","status":"publish","type":"page","link":"https:\/\/staging.phdmedia.com\/spain\/phd-media-agence-media\/?lang=fr","title":{"rendered":"PHD Media, agence m\u00e9dia"},"content":{"rendered":"<h6><strong>PHD Media est une agence m\u00e9dia du groupe Omnicom Media.<\/strong><\/h6>\n<p>Fond\u00e9e \u00e0 Londres en 1990. PHD Media est n\u00e9e en tant qu&#8217;agence m\u00e9dia <em>challenger<\/em>, qui a jet\u00e9 les bases de ce que l&#8217;on appelle les \u00ab m\u00e9dias cr\u00e9atifs \u00bb. Nous sommes aujourd&#8217;hui un leader mondial, avec plus de 6 500 employ\u00e9s dans le monde et 100 bureaux dans 74 pays.<\/p>\n<p>Notre culture est bas\u00e9e sur le leadership strat\u00e9gique, la cr\u00e9ativit\u00e9 et l&#8217;innovation. Cela nous a aid\u00e9 \u00e0 cr\u00e9er des campagnes ayant un r\u00e9el impact sur les r\u00e9sultats commerciaux et \u00e0 amener nos clients au-del\u00e0 de leurs concurrents.<\/p>\n<p>Pour cette raison, nous avons \u00e9t\u00e9 nomm\u00e9s \u00ab R\u00e9seau de l&#8217;ann\u00e9e \u00bb aux M&amp;M Global Awards 2020, \u00ab R\u00e9seau EMEA de l&#8217;ann\u00e9e \u00bb aux Campaign Awards 2020 et \u00ab R\u00e9seau du Festival \u00bb aux Cannes Lions 2020\/21.<\/p>\n<p>En fait, PHD Media est l&#8217;une des quatre agences m\u00e9dia les plus r\u00e9compens\u00e9es au monde (2020 WARC Media 100).<\/p>\n<p>Apprenez \u00e0 conna\u00eetre nos <a href=\"https:\/\/staging.phdmedia.com\/spain\/servicios\/\">services<\/a>. D\u00e9couvrez nos <a href=\"https:\/\/staging.phdmedia.com\/spain\/nuestro-trabajo\/\">meilleurs travaux<\/a>.<\/p>\n<p>Suivez-nous sur <a href=\"https:\/\/www.linkedin.com\/company\/phd-media-spain\/\" target=\"_blank\" rel=\"noopener\">LinkedIn<\/a>, <a href=\"https:\/\/twitter.com\/PHDSpain\" target=\"_blank\" rel=\"noopener\">Twitter<\/a>, <a href=\"https:\/\/www.facebook.com\/PHDMediaSpain\" target=\"_blank\" rel=\"noopener\">Facebook<\/a>, <a href=\"https:\/\/www.instagram.com\/phdmediaspain\/\" target=\"_blank\" rel=\"noopener\">Instagram<\/a> et <a href=\"https:\/\/www.youtube.com\/channel\/UCNYTOM6G3uvUaBQIjDdZjsA\" target=\"_blank\" rel=\"noopener\">YouTube<\/a>.<\/p>\n<p>&nbsp;<\/p>\n","protected":false},"excerpt":{"rendered":"<p>PHD Media est une agence m\u00e9dia du groupe Omnicom Media. Fond\u00e9e \u00e0 Londres en 1990. PHD Media est n\u00e9e en tant qu&#8217;agence m\u00e9dia challenger, qui a jet\u00e9 les bases de ce que l&#8217;on appelle les \u00ab m\u00e9dias cr\u00e9atifs \u00bb. Nous sommes aujourd&#8217;hui un leader mondial, avec plus de 6 500 employ\u00e9s dans le monde et [&hellip;]<\/p>\n","protected":false},"author":1,"featured_media":25557,"parent":0,"menu_order":80,"comment_status":"closed","ping_status":"closed","template":"","meta":{"_acf_changed":false,"inline_featured_image":false,"footnotes":""},"class_list":["post-26993","page","type-page","status-publish","has-post-thumbnail","hentry"],"acf":[],"_links":{"self":[{"href":"https:\/\/staging.phdmedia.com\/spain\/wp-json\/wp\/v2\/pages\/26993","targetHints":{"allow":["GET"]}}],"collection":[{"href":"https:\/\/staging.phdmedia.com\/spain\/wp-json\/wp\/v2\/pages"}],"about":[{"href":"https:\/\/staging.phdmedia.com\/spain\/wp-json\/wp\/v2\/types\/page"}],"author":[{"embeddable":true,"href":"https:\/\/staging.phdmedia.com\/spain\/wp-json\/wp\/v2\/users\/1"}],"replies":[{"embeddable":true,"href":"https:\/\/staging.phdmedia.com\/spain\/wp-json\/wp\/v2\/comments?post=26993"}],"version-history":[{"count":0,"href":"https:\/\/staging.phdmedia.com\/spain\/wp-json\/wp\/v2\/pages\/26993\/revisions"}],"wp:featuredmedia":[{"embeddable":true,"href":"https:\/\/staging.phdmedia.com\/spain\/wp-json\/wp\/v2\/media\/25557"}],"wp:attachment":[{"href":"https:\/\/staging.phdmedia.com\/spain\/wp-json\/wp\/v2\/media?parent=26993"}],"curies":[{"name":"wp","href":"https:\/\/api.w.org\/{rel}","templated":true}]}}